49038.
179
Calculate the remainder when 97823989 is divided by 97823985.
4
What is the remainder when 77595 is divided by 67?
9
Calculate the remainder when 298603 is divided by 886.
21
Calculate the remainder when 16085162 is divided by 64.
42
Calculate the remainder when 135677 is divided by 16952.
61
What is the remainder when 2016188 is divided by 1405?
13
What is the remainder when 36568743 is divided by 13159?
13041
Calculate the remainder when 2415511 is divided by 2415371.
140
What is the remainder when 1240950 is divided by 47723?
152
What is the remainder when 218422 is divided by 5065?
627
What is the remainder when 1388672 is divided by 1419?
890
What is the remainder when 27107136 is divided by 732625?
11
What is the remainder when 31680 is divided by 984?
192
What is the remainder when 25690280 is divided by 27301?
39
What is the remainder when 8377834 is divided by 867?
13
Calculate the remainder when 2274840 is divided by 8.
0
What is the remainder when 295234 is divided by 11628?
4534
Calculate the remainder when 10972557 is divided by 37.
22
What is the remainder when 2000271 is divided by 221?
0
What is the remainder when 6400628 is divided by 810?
8
Calculate the remainder when 54814248 is divided by 3915303.
6
What is the remainder when 46655 is divided by 55?
15
Calculate the remainder when 3082382 is divided by 547.
37
What is the remainder when 5659282 is divided by 41007?
316
Calculate the remainder when 24080214 is divided by 684.
678
What is the remainder when 1365922 is divided by 16?
2
What is the remainder when 4541805 is divided by 25953?
30
Calculate the remainder when 1305730 is divided by 1868.
1866
Calculate the remainder when 151787 is divided by 774.
83
What is the remainder when 266353 is divided by 44392?
1
What is the remainder when 312684 is divided by 141?
87
What is the remainder when 60256988 is divided by 24?
20
Calculate the remainder when 72908 is divided by 857.
63
What is the remainder when 3206278 is divided by 2014?
2004
Calculate the remainder when 670964362 is divided by 222.
220
What is the remainder when 250343 is divided by 2866?
1001
Calculate the remainder when 316740 is divided by 10543.
450
Calculate the remainder when 73421299 is divided by 25.
24
Calculate the remainder when 311391 is divided by 155459.
473
Calculate the remainder when 50510 is divided by 16146.
2072
What is the remainder when 833080 is divided by 281?
196
What is the remainder when 51767189 is divided by 118?
117
What is the remainder when 199730 is divided by 60?
50
What is the remainder when 9920 is divided by 3272?
104
What is the remainder when 324926537 is divided by 356?
353
What is the remainder when 255109 is divided by 982?
771
What is the remainder when 8098535 is divided by 100?
35
What is the remainder when 938328 is divided by 7686?
636
Calculate the remainder when 17053741 is divided by 38323.
6
Calculate the remainder when 25570757 is divided by 192.
5
What is the remainder when 38587 is divided by 1375?
87
What is the remainder when 781801 is divided by 10737?
8737
Calculate the remainder when 32843 is divided by 16080.
683
What is the remainder when 17695378 is divided by 302?
292
What is the remainder when 3905287 is divided by 115?
2
What is the remainder when 4243403 is divided by 5643?
5510
What is the remainder when 49936 is divided by 1228?
816
What is the remainder when 1334065 is divided by 30?
25
What is the remainder when 41734 is divided by 4594?
388
What is the remainder when 11907363 is divided by 1919?
1887
Calculate the remainder when 37535 is divided by 54.
5
What is the remainder when 19477 is divided by 18810?
667
Calculate the remainder when 1521529 is divided by 144.
25
What is the remainder when 885943 is divided by 1585?
1513
Calculate the remainder when 3087407 is divided by 2147.
21
What is the remainder when 713531 is divided by 6?
5
Calculate the remainder when 1013400 is divided by 509.
490
What is the remainder when 293333 is divided by 2507?
14
What is the remainder when 225464 is divided by 547?
100
What is the remainder when 19756 is divided by 318?
40
Calculate the remainder when 41709149 is divided by 14.
13
Calculate the remainder when 2035807 is divided by 20354.
407
Calculate the remainder when 509903 is divided by 546.
485
Calculate the remainder when 93049 is divided by 465.
49
What is the remainder when 337512 is divided by 398?
8
Calculate the remainder when 223673 is divided by 736.
665
What is the remainder when 6225118 is divided by 540?
538
Calculate the remainder when 334489 is divided by 26.
25
What is the remainder when 5721650 is divided by 1058?
1044
Calculate the remainder when 5281942 is divided by 8279.
8219
What is the remainder when 459158 is divided by 229447?
264
Calculate the remainder when 98970 is divided by 414.
24
What is the remainder when 5825072 is divided by 103?
10
Calculate the remainder when 887056 is divided by 24640.
16
What is the remainder when 25227 is divided by 2795?
72
Calculate the remainder when 267614 is divided by 3348.
3122
Calculate the remainder when 112018 is divided by 51.
22
What is the remainder when 1268673 is divided by 970?
883
What is the remainder when 55942 is divided by 33?
7
Calculate the remainder when 466595 is divided by 4860.
35
What is the remainder when 51064 is divided by 4247?
100
Calculate the remainder when 227422 is divided by 798.
790
What is the remainder when 1499659 is divided by 78924?
103
What is the remainder when 7823044 is divided by 743?
740
What is the remainder when 2272122 is divided by 95?
7
What is the remainder when 35422 is divided by 103?
93
What is the remainder when 4982504 is divided by 129?
8
What is the remainder when 1415195 is divided by 35378?
75
What is the remainder when 79862 is divided by 26406?
644
What is the remainder when 534588 is divided by 233?
86
What is the remainder when 33769824 is divided by 33769822?
2
What is the remainder when 66404654 is divided by 109?
1
What is the remainder when 177654 is divided by 88799?
56
Calculate the remainder when 62895709 is divided by 2339.
2338
Calculate the remainder when 130572 is divided by 14416.
828
Calculate the remainder when 405641 is divided by 6338.
9
What is the remainder when 250790 is divided by 1363?
1361
What is the remainder when 215932384 is divided by 241?
240
What is the remainder when 121528 is divided by 877?
502
Calculate the remainder when 6368524 is divided by 378.
358
What is the remainder when 7110806 is divided by 2900?
6
Calculate the remainder when 182844 is divided by 729.
594
Calculate the remainder when 3326952 is divided by 48215.
117
Calculate the remainder when 1035721 is divided by 23016.
1
What is the remainder when 684035 is divided by 7436?
7359
What is the remainder when 17653647 is divided by 9267?
12
What is the remainder when 55719 is divided by 55707?
12
Calculate the remainder when 92806 is divided by 29693.
3727
What is the remainder when 523568 is divided by 1918?
1872
What is the remainder when 710975 is divided by 730?
685
What is the remainder when 2634634 is divided by 658608?
202
What is the remainder when 1910627 is divided by 19496?
19
What is the remainder when 45593 is divided by 14599?
1796
Calculate the remainder when 518971 is divided by 245.
61
Calculate the remainder when 326522 is divided by 949.
66
What is the remainder when 28183 is divided by 805?
8
Calculate the remainder when 901187 is divided by 453.
170
Calculate the remainder when 3782723 is divided by 1260907.
2
Calculate the remainder when 2285067 is divided by 473.
4
What is the remainder when 12479122 is divided by 3119779?
6
Calculate the remainder when 3106600 is divided by 1007.
5
What is the remainder when 595145 is divided by 98144?
6281
Calculate the remainder when 39480110 is divided by 8.
6
What is the remainder when 4788931 is divided by 1508?
1031
What is the remainder when 190212 is divided by 1654?
2
What is the remainder when 210019 is divided by 2416?
2243
What is the remainder when 280506 is divided by 69302?
3298
Calculate the remainder when 685326 is divided by 228350.
276
What is the remainder when 3193607 is divided by 1064531?
14
Calculate the remainder when 2263928 is div